ime factors of 223758031?
7, 31, 59, 17477
List the prime factors of 113389137.
3, 12598793
List the prime factors of 470300408.
2, 157, 374443
List the prime factors of 66546231.
3, 149, 148873
What are the prime factors of 60202635?
3, 5, 739, 5431
What are the prime factors of 295566865?
5, 11, 31, 229, 757
List the prime factors of 927515550.
2, 3, 5, 13, 475649
What are the prime factors of 222845760?
2, 3, 5, 77377
What are the prime factors of 2703034671?
3, 901011557
List the prime factors of 1195501814.
2, 13, 53, 867563
List the prime factors of 2107736153.
29, 72680557
What are the prime factors of 24222397?
19, 1051, 1213
What are the prime factors of 558922392?
2, 3, 7, 19, 58367
List the prime factors of 2369069567.
71, 33367177
What are the prime factors of 291531650?
2, 5, 139, 41947
List the prime factors of 271715653.
11, 24701423
What are the prime factors of 1833951417?
3, 611317139
List the prime factors of 576514210.
2, 5, 57651421
List the prime factors of 208247376.
2, 3, 29, 149603
What are the prime factors of 1131693013?
11, 29, 853, 4159
List the prime factors of 1537984595.
5, 7, 1103, 39839
What are the prime factors of 103711784?
2, 11, 23, 51241
What are the prime factors of 820723571?
59, 137, 101537
List the prime factors of 266343717.
3, 229, 317, 1223
What are the prime factors of 3253248276?
2, 3, 281, 964783
List the prime factors of 7686589738.
2, 59, 65140591
What are the prime factors of 412384637?
7, 8416013
List the prime factors of 33989309.
19, 1788911
What are the prime factors of 20009055?
3, 5, 11, 121267
List the prime factors of 502282388.
2, 125570597
What are the prime factors of 967170937?
967170937
List the prime factors of 1504368986.
2, 7879, 95467
What are the prime factors of 276932515?
5, 55386503
List the prime factors of 1156346841.
3, 13, 29, 31, 43, 59
List the prime factors of 19777025.
5, 791081
What are the prime factors of 21399120?
2, 3, 5, 9907
List the prime factors of 289072595.
5, 7, 61, 71, 1907
List the prime factors of 204437088.
2, 3, 151, 1567
List the prime factors of 3273079626.
2, 3, 379, 479783
What are the prime factors of 3653878837?
7, 521982691
What are the prime factors of 90326374?
2, 31, 1456877
List the prime factors of 3096677777.
181, 17108717
List the prime factors of 207793237.
207793237
What are the prime factors of 29862274?
2, 13, 1148549
What are the prime factors of 84413962?
2, 1753, 24077
List the prime factors of 211148226.
2, 3, 11730457
List the prime factors of 703475191.
37, 179, 106217
What are the prime factors of 3965343628?
2, 101, 139, 241, 293
List the prime factors of 22915525.
5, 916621
List the prime factors of 4036890109.
7, 101, 5709887
List the prime factors of 133951364.
2, 17, 43, 61, 751
What are the prime factors of 14800233?
3, 7, 67, 157
List the prime factors of 586006335.
3, 5, 29, 271, 1657
What are the prime factors of 12949702?
2, 53, 122167
What are the prime factors of 3044457435?
3, 5, 202963829
What are the prime factors of 1326939671?
21467, 61813
What are the prime factors of 2300105469?
3, 677, 1132499
What are the prime factors of 595107252?
2, 3, 16530757
List the prime factors of 203335875.
3, 5, 61, 2963
List the prime factors of 1417320602.
2, 71, 1553, 6427
List the prime factors of 19245198.
2, 3, 7, 458219
What are the prime factors of 109496258?
2, 311, 401, 439
What are the prime factors of 63029643?
3, 3947, 5323
What are the prime factors of 283452708?
2, 3, 7, 11, 37, 8291
List the prime factors of 166622302.
2, 7, 11, 199, 5437
What are the prime factors of 349781437?
349781437
What are the prime factors of 176424098?
2, 43, 2051443
What are the prime factors of 109250452?
2, 103, 283, 937
List the prime factors of 212744752.
2, 11, 1208777
What are the prime factors of 456361562?
2, 89, 151, 16979
List the prime factors of 39702345.
3, 5, 419, 6317
What are the prime factors of 594501027?
3, 198167009
List the prime factors of 6506880565.
5, 677, 1922269
What are the prime factors of 271063470?
2, 3, 5, 17, 531497
What are the prime factors of 1167028129?
211, 5530939
What are the prime factors of 5246714?
2, 11, 23, 10369
List the prime factors of 70456594.
2, 13, 541, 5009
List the prime factors of 934546820.
2, 5, 67, 697423
What are the prime factors of 7730122?
2, 83, 46567
List the prime factors of 90392864.
2, 41, 68897
What are the prime factors of 138333396?
2, 3, 1669, 6907
What are the prime factors of 107225681?
17, 191, 33023
What are the prime factors of 149624163?
3, 13, 1278839
What are the prime factors of 335062734?
2, 3, 55843789
List the prime factors of 123526976.
2, 307, 6287
List the prime factors of 469792950.
2, 3, 5, 11, 284723
What are the prime factors of 2406753551?
2406753551
List the prime factors of 2349329960.
2, 5, 17, 3454897
List the prime factors of 299274834.
2, 3, 17, 2934067
List the prime factors of 3425457.
3, 7, 163117
What are the prime factors of 23134176?
2, 3, 13, 37, 167
What are the prime factors of 776899484?
2, 647, 300193
List the prime factors of 702775435.
5, 140555087
List the prime factors of 34483018.
2, 3019, 5711
What are the prime factors of 1730602464?
2, 3, 229, 78721
List the prime factors of 100422707.
7, 11, 211, 883
List the prime factors of 66123798.
2, 3, 13, 847741
List the prime factors of 2873128759.
2873128759
List the prime factors of 127735089.
3, 2441, 17443
What are the prime factors of 5768091986?
2, 37, 2393, 32573
What are the prime factors of 130658250?
2, 3, 5, 19, 53, 173
List the prime factors of 15628997.
15628997
What are the prime factors of 2844589?
11, 23509
What are the prime factors of 395059850?
2, 5, 7901197
List the prime factors of 39009020.
2, 5, 911, 2141
What are the prime factors of 2032910171?
199, 2081, 4909
What are the prime factors of 5570350390?
2, 5, 11, 17, 2978797
List the prime factors of 49687873.
2161, 22993
What are the prime factors of 51165080?
2, 5, 37, 181, 191
What are the prime factors of 106559306?
2, 7, 7611379
What are the prime factors of 208669844?
2, 1877, 27793
What are the prime factors of 513586268?
2, 13, 59, 79, 163
List the prime factors of 2976108760.
2, 5, 29, 2565611
What are the prime factors of 187911264?
2, 3, 47, 41647
List the prime factors of 5384286098.
2, 5953, 452233
List the prime factors of 30248431.
227, 133253
List the prime factors of 2980256022.
2, 3, 165569779
List the prime factors of 41455201.
41455201
What are the prime factors of 1174605760?
2, 5, 101, 36343
List the prime factors of 4271752032.
2, 3, 44497417
What are the prime factors of 14971054?
2, 7, 389, 2749
List the prime factors of 42712984.
2, 5339123
What are the prime factors of 2031973739?
17, 7031051
List the prime factors of 2676179905.
5, 7, 79, 967877
List the prime factors of 985882598.
2, 17, 383, 75709
List the prime factors of 898202221.
7, 199, 644797
List the prime factors of 1292412496.
2, 41, 523, 3767
What are the prime factors of 1946254511?
32831, 59281
List the prime factors of 45009501.
3, 37, 405491
List the prime factors of 550605878.
2, 23, 269, 44497
What are the prime factors of 2603328116?
2, 17, 38284237
List the prime factors of 1586635634.
2, 23, 137, 223, 1129
List the prime factors of 4009631.
4009631
List the prime factors of 236068834.
2, 17, 457, 15193
What are the prime factors of 7507826313?
3, 13, 23, 8369929
List the prime factors of 5277280867.
19739, 267353
List the prime factors of 18833182.
2, 23, 31, 47, 281
List the prime factors of 92629330.
2, 5, 457, 20269
What are the prime factors of 891095045?
5, 631, 282439
What are the prime factors of 504815889?
3, 168271963
What are the prime factors of 32863495?
5, 7, 967, 971
What are the prime factors of 2344124452?
2, 479, 1223447
What are the prime factors of 28527803?
479, 59557
What are the prime factors of 469497145?
5, 13, 7223033
What are the prime factors of 164509049?
19, 8658371
List the prime factors of 39073760.
2, 5, 11, 149
What are the prime factors of 1335560093?
7, 190794299
What are the prime factors of 972056002?
2, 311, 599, 2609
List the prime factors of 6580748.
2, 1645187
List the prime factors of 4629195283.
19, 59, 4129523
What are the prime factors of 1866111819?
3, 1